107
List the prime factors of 712768.
2, 7, 37, 43
What are the prime factors of 1596028?
2, 7, 17, 479
What are the prime factors of 1745853?
3, 19, 109, 281
List the prime factors of 64764.
2, 3, 7, 257
What are the prime factors of 1999671?
3, 666557
List the prime factors of 1110359.
97, 11447
List the prime factors of 10272155.
5, 479, 4289
List the prime factors of 10655272.
2, 1109, 1201
List the prime factors of 85260.
2, 3, 5, 7, 29
What are the prime factors of 417443?
13, 163, 197
List the prime factors of 295830.
2, 3, 5, 19, 173
What are the prime factors of 11593986?
2, 3, 1932331
List the prime factors of 951257.
23, 59, 701
What are the prime factors of 22996?
2, 5749
What are the prime factors of 26738369?
7, 223, 2447
List the prime factors of 44900.
2, 5, 449
List the prime factors of 38305.
5, 47, 163
What are the prime factors of 1538880?
2, 3, 5, 7, 229
What are the prime factors of 10414988?
2, 941, 2767
List the prime factors of 161262.
2, 3, 17, 31
What are the prime factors of 291293?
291293
List the prime factors of 174443.
174443
What are the prime factors of 1230636?
2, 3, 11, 9323
List the prime factors of 386236.
2, 223, 433
What are the prime factors of 741788?
2, 53, 3499
List the prime factors of 282175.
5, 11287
What are the prime factors of 11133989?
89, 125101
List the prime factors of 15092316.
2, 3, 419231
List the prime factors of 2227119.
3, 17, 43669
What are the prime factors of 491396?
2, 122849
What are the prime factors of 398610?
2, 3, 5, 43, 103
List the prime factors of 52847.
43, 1229
List the prime factors of 28434100.
2, 5, 284341
What are the prime factors of 25538845?
5, 17, 53, 5669
List the prime factors of 1840660.
2, 5, 92033
List the prime factors of 2006966.
2, 13, 77191
What are the prime factors of 2865438?
2, 3, 159191
List the prime factors of 417559.
417559
What are the prime factors of 18367415?
5, 11, 53, 6301
List the prime factors of 912834.
2, 3, 13, 47, 83
List the prime factors of 6590624.
2, 205957
List the prime factors of 263154.
2, 3, 61, 719
What are the prime factors of 2084040?
2, 3, 5, 7, 827
List the prime factors of 10890591.
3, 17, 19, 11239
List the prime factors of 2319017.
31, 239, 313
List the prime factors of 18790.
2, 5, 1879
What are the prime factors of 503495?
5, 100699
List the prime factors of 119286.
2, 3, 47
List the prime factors of 384393.
3, 37, 3463
List the prime factors of 124756.
2, 31189
What are the prime factors of 2016744?
2, 3, 17, 4943
What are the prime factors of 225021?
3, 107, 701
List the prime factors of 333897.
3, 17, 6547
What are the prime factors of 3481912?
2, 7, 97, 641
What are the prime factors of 325203?
3, 108401
List the prime factors of 794248.
2, 7, 13, 1091
What are the prime factors of 1863544?
2, 73, 3191
List the prime factors of 1509272.
2, 83, 2273
List the prime factors of 2259602.
2, 53, 21317
List the prime factors of 27502.
2, 13751
List the prime factors of 6433609.
7, 13, 19, 61
What are the prime factors of 277128?
2, 3, 1283
What are the prime factors of 649707?
3, 216569
List the prime factors of 221347.
7, 103, 307
List the prime factors of 304986.
2, 3, 11, 4621
What are the prime factors of 350206?
2, 175103
List the prime factors of 8637672.
2, 3, 491, 733
List the prime factors of 140050.
2, 5, 2801
List the prime factors of 1922923.
1922923
List the prime factors of 124320.
2, 3, 5, 7, 37
What are the prime factors of 6712393?
79, 84967
What are the prime factors of 12195864?
2, 3, 113, 1499
List the prime factors of 12075303.
3, 43, 93607
List the prime factors of 626665.
5, 13, 31, 311
List the prime factors of 153124.
2, 38281
What are the prime factors of 1066601?
967, 1103
List the prime factors of 9183384.
2, 3, 7, 19, 137
List the prime factors of 4150072.
2, 518759
What are the prime factors of 8579728?
2, 536233
What are the prime factors of 352368?
2, 3, 2447
What are the prime factors of 389794?
2, 31, 6287
What are the prime factors of 1268094?
2, 3, 211349
What are the prime factors of 1936244?
2, 484061
List the prime factors of 419812.
2, 104953
What are the prime factors of 506501?
506501
What are the prime factors of 1982203?
1982203
List the prime factors of 121332.
2, 3, 10111
List the prime factors of 332712.
2, 3, 4621
What are the prime factors of 659567?
41, 16087
What are the prime factors of 2269879?
2269879
What are the prime factors of 4200581?
7, 11, 17, 3209
List the prime factors of 3348066.
2, 3, 19, 43, 683
What are the prime factors of 215282?
2, 107641
What are the prime factors of 305262?
2, 3, 5653
List the prime factors of 2741105.
5, 548221
List the prime factors of 79339.
13, 17, 359
List the prime factors of 27122971.
167, 162413
List the prime factors of 12505624.
2, 281, 5563
List the prime factors of 2319499.
7, 13, 71, 359
List the prime factors of 376291.
376291
List the prime factors of 82129.
82129
List the prime factors of 1565790.
2, 3, 5, 19, 41, 67
What are the prime factors of 1981007?
7, 283001
What are the prime factors of 31878?
2, 3, 7, 11, 23
List the prime factors of 298170.
2, 3, 5, 3313
What are the prime factors of 628473?
3, 17, 12323
What are the prime factors of 75568?
2, 4723
List the prime factors of 166953.
3, 19, 29, 101
List the prime factors of 282543.
3, 53, 1777
What are the prime factors of 246146?
2, 23, 5351
What are the prime factors of 10073463?
3, 47, 71443
What are the prime factors of 140132?
2, 53, 661
What are the prime factors of 72012?
2, 3, 17, 353
List the prime factors of 58574.
2, 29287
List the prime factors of 5246164.
2, 7, 11, 17033
List the prime factors of 1022653.
1022653
What are the prime factors of 26657955?
3, 5, 17, 34847
What are the prime factors of 1399436?
2, 89, 3931
List the prime factors of 3762399.
3, 19, 149, 443
List the prime factors of 66897.
3, 7433
What are the prime factors of 2094300?
2, 3, 5, 13, 179
List the prime factors of 849907.
839, 1013
List the prime factors of 1066287.
3, 41, 8669
List the prime factors of 31947341.
19, 307, 5477
What are the prime factors of 20237814?
2, 3, 599, 1877
What are the prime factors of 1849053?
3, 71, 8681
List the prime factors of 691724.
2, 11, 79, 199
List the prime factors of 204062.
2, 102031
What are the prime factors of 172404?
2, 3, 4789
What are the prime factors of 998563?
17, 151, 389
List the prime factors of 144116.
2, 7, 5147
List the prime factors of 1078677.
3, 23, 193
List the prime factors of 7330680.
2, 3, 5, 7, 2909
List the prime factors of 1642106.
2, 821053
What are the prime factors of 174459?
3, 58153
List the prime factors of 9922950.
2, 3, 5, 22051
What are the prime factors of 27503994?
2, 3, 7, 17, 5503
List the prime factors of 222533.
222533
List the prime factors of 1768736.
2, 31, 1783
List the prime factors of 423864.
2, 3, 7, 29
What are the prime factors of 16153930?
2, 5, 13, 313, 397
List the prime factors of 355624.
2, 44453
List the prime factors of 41706.
2, 3, 7, 331
What are the prime factors of 24377138?
2, 53, 151, 1523
What are the prime factors of 36939?
3, 7, 1759
What are the prime factors of 789584?
2, 61, 809
List the prime factors of 889056.
2, 3, 7
What are the prime factors of 2706258?
2, 3, 367, 1229
List the prime factors of 720760.
2, 5, 37, 487
List the prime factors of 48733.
48733
List the prime factors of 3394606.
2, 173, 9811
List the prime factors of 1263478.
2, 631739
What are the prime factors of 8730741?
3, 17, 193, 887
List the prime factors of 1277934.
2, 3, 7, 30427
What are the prime factors of 515703?
3, 397, 433
List the prime factors of 2553859.
7, 11, 17, 1951
List the prime factors of 1163930.
2, 5, 239, 487
What are the prime factors of 25944271?
293, 88547
What are the prime factors of 9735380?
2, 5, 486769
What are the prime factors of 18965?
5, 3793
What are the prime factors of 277874?
2, 138937
List the prime factors of 1406537.
11, 127867
List the prime factors of 8235462.
2, 3, 239, 5743
List the prime factors of 2298867.
3, 19, 31, 1301
List the prime factors of 6620784.
2, 3, 137933
What are the prime factors of 433857?
3, 17, 47, 181
List the prime factors of 4710749.
4710749
What are the prime factors of 556647?
3, 7, 13, 2039
What are the prime factors o